t l(p) = p**2 - p + 8. Let m be l(2). Let x = 148 - -12. What is the greatest common factor of x and m?
10
Suppose -4*n + 180 = i, -4*i = -8*i + 2*n + 630. What is the highest common factor of 32 and i?
32
Suppose 12 = -0*m + m. Let g = m + -10. Let o be (12/14)/((-3)/(-21)). What is the highest common factor of o and g?
2
Suppose -2*w = 5*b - 145, -5*b - 94 = -3*w + 186. Suppose 170 = 2*l + 3*l. Calculate the greatest common divisor of l and w.
17
Let l = 189 + -186. Calculate the highest common divisor of l and 69.
3
Let c be ((-88)/(-55))/(4/50). Calculate the highest common factor of c and 30.
10
Let l(s) = s**3 - s**2 - 2*s + 3. Let f be l(2). Let x be ((-6)/5)/(16/40). Let z be (1 + 10/x)*-9. What is the highest common divisor of z and f?
3
Let q be 10/(12/8 - 1). Let x = -23 + q. Let u be 42*(2/x + 1). What is the highest common divisor of 126 and u?
14
Let k(y) = y**2 - 2*y - 1. Let l be -6*3/(-6)*1. Let f be k(l). Let j be (-3)/(-3 - (-5)/f). Calculate the greatest common factor of 66 and j.
6
Let r(p) = -p**2 + 19*p + 41. Let i be r(20). What is the greatest common factor of 7 and i?
7
Let b = 16 + 11. Let d be 33*3/4*192/b. What is the highest common divisor of 22 and d?
22
Suppose -288 = 7*n - 9*n. Let s(g) be the second derivative of g**3/2 - 9*g**2/2 + 3*g. Let r be s(11). Calculate the highest common factor of r and n.
24
Let b = -109 + 118. What is the highest common divisor of 27 and b?
9
Let z be 40 + (-2)/6*81/(-9). Calculate the highest common factor of 215 and z.
43
Let k be 0 - 2 - 2 - -7. Suppose 5*l = 0, -l + 6*l - 25 = -n. Suppose s + o + o - 5 = 0, n = -5*o. Calculate the highest common factor of s and k.
3
Suppose -y + 3*h + h + 469 = 0, 3*h = 0. Suppose -5*l = -231 - y. Calculate the greatest common divisor of l and 56.
28
Let n(i) = 3*i + 29. Let c be n(-2). Let u be (2/4)/(5/1610). What is the highest common factor of u and c?
23
Let i(g) = -g**3 - 11*g**2 + g + 27. Let l be i(-11). Calculate the greatest common divisor of 16 and l.
16
Suppose 0 = 5*z - 3*m - 1434, 5*z - 1432 = 2*m + 2*m. Calculate the highest common divisor of z and 54.
18
Let b(m) = -m**2 + 4*m**3 + 3*m**3 + 960 - 3*m**3 - 3*m**3 + m. Let l be b(0). Let u be (10/25)/(2/l). What is the greatest common factor of u and 24?
24
Suppose -2*w = -0*w - l - 80, 4*l + 92 = 2*w. Calculate the greatest common factor of 304 and w.
38
Suppose 3*c - 619 - 1061 = 0. Suppose -p = -9*p + c. Calculate the highest common factor of 42 and p.
14
Suppose 0 = -16*u + 51 + 61. Suppose -z + 92 = 4*j, -u*j - 82 = -10*j - 4*z. What is the highest common factor of 55 and j?
11
Suppose 0 = 4*g - 4, -11*g + 7*g = -b + 2. Let k(s) = 2*s**3 - 2*s + 3. Let w be k(2). What is the greatest common divisor of b and w?
3
Suppose 0 = 4*t + 4*k - 28, 0 = -4*t - 2*k + 19 + 9. Calculate the greatest common divisor of t and 1.
1
Suppose -3*n - n + 10 = 2*s, s = -n + 2. Let d be n/2*64/12. Suppose 0*j = 3*j - 24. What is the greatest common factor of j and d?
8
Let q be ((-3120)/(-12))/20 - (-3 + -2). Let p = -55 - -82. What is the greatest common factor of q and p?
9
Let w = -921 - -1086. Calculate the greatest common divisor of 132 and w.
33
Suppose -6*y + 197 = -325. Calculate the highest common divisor of 377 and y.
29
Suppose 5*v = 5*w - 10, -8*w - 2 = -9*w + 5*v. Calculate the highest common factor of 14 and w.
2
Let o be 196/12 + 10/15. Calculate the highest common factor of 136 and o.
17
Let s(l) = -l**2 - l + 1. Let q(p) = p**3 + 6*p**2 + 24. Let w(d) = q(d) - 4*s(d). Let c be w(-8). What is the greatest common divisor of 29 and c?
29
Let x(o) = 46*o**2 - 12*o - 14. Let b be x(-5). What is the highest common divisor of 138 and b?
46
Suppose -52*j = -68*j + 96. Calculate the highest common factor of j and 258.
6
Suppose -7*u + 4*u + 216 = 4*h, 175 = 3*h - u. Suppose -5*j = 5, 10 = 5*a + 3*j - h. What is the greatest common factor of a and 56?
14
Suppose -u + 68 = -2*o, -4*u - o + 4*o + 297 = 0. Let y = 26 - 0. What is the greatest common divisor of u and y?
26
Suppose -464 = -3*m - m. Let z be 29*3*(-4)/(-12). What is the greatest common factor of z and m?
29
Let f = -134 - -290. What is the greatest common factor of f and 24?
12
Let i = -1 + -2. Let q be i + -3 + 3 + 45. Suppose 0 = 4*n - 27 + 3. Calculate the highest common divisor of q and n.
6
Let m be (0 + -5 + 0)*(-27 + 17). Calculate the greatest common divisor of m and 2.
2
Suppose 49*s = 63*s - 350. What is the greatest common divisor of 80 and s?
5
Let m(u) = 10*u - 36. Let q be m(6). Calculate the highest common factor of q and 24.
24
Suppose 5*r = -3*m + 19, -4*r + 0*r + 28 = -4*m. Let q be (-1 - -2) + -3 + r. Let g be 2*q/((-9)/(-48)). Calculate the highest common factor of g and 8.
8
Suppose 11*q - 13*q + 68 = 0. Suppose 0 = -3*c - w - 11, -3*c + 7 = 4*w + 33. Let s be c*3/12*-170. What is the greatest common divisor of s and q?
17
Let u(y) be the second derivative of y**4/12 + 5*y**3/6 + 8*y**2 + 11*y. Let k be u(-4). Suppose 144 = 4*n - 0*n. What is the highest common divisor of n and k?
12
Let r = -1482 - -1572. Suppose -d - 40 = -5*d. Calculate the greatest common divisor of r and d.
10
Suppose 4*f = -5*c + 55 + 65, -f = 0. Calculate the greatest common factor of c and 54.
6
Let m = 35 + -25. Let i be 93/(-13) + (-34)/(-221). Let f = -2 - i. Calculate the highest common factor of f and m.
5
Let h = 100 - 62. Let w = 78 - h. Calculate the highest common factor of 10 and w.
10
Let x be ((-72)/40)/(1/(-5)). Let f be 966/27 - 8/(-36). Calculate the highest common divisor of f and x.
9
Let h = 18 + -25. Let i(p) = -p**3 - 10*p**2 - 22*p - 27. Let s be i(-11). Let l be (18/(-8))/(h/s). Calculate the highest common factor of l and 12.
12
Let v = -34 - -54. Let l = -1280 - -1288. What is the greatest common factor of l and v?
4
Suppose 2*k - 666 = 2*s, -28*k + 1002 = -25*k - 2*s. What is the highest common divisor of 21 and k?
21
Let w(j) be the first derivative of j**2 + 13*j - 12. Let v be w(-6). What is the greatest common factor of 1 and v?
1
Suppose 3*y - 128 = -4*p, -2*y - p + 59 = -33. Calculate the highest common factor of y and 12.
12
Suppose -5 = -2*l + 1. Suppose -l*o = -o - 78. Let z = -6 + o. What is the highest common factor of z and 11?
11
Suppose -196*k + 210 = -182*k. Suppose -3*q = -6*q - t + 62, 2 = t. Calculate the greatest common factor of q and k.
5
Suppose -62 = -8*h + 42. Calculate the greatest common factor of h and 208.
13
Suppose -9541 = -h - 6*h. Calculate the highest common factor of h and 47.
47
Suppose 0 = -23*d - 2*d + 275. Let q = 21 + 12. What is the highest common divisor of d and q?
11
Suppose -5*i = 4*u + u - 820, i - 644 = -4*u. What is the highest common divisor of u and 10?
10
Suppose -2*q = -83 + 23. Calculate the greatest common factor of q and 90.
30
Let o = -7 - -9. Let y be 2/(0 + o) - -1. Suppose m - 51 = -3*d, -2*m + y*d - 66 = -192. Calculate the greatest common factor of m and 24.
12
Suppose 0 = -17*d + 15*d. Suppose -5*l = -2*f - 19, 3*f - 2 + 8 = d. Calculate the greatest common factor of 3 and l.
3
Suppose 4*s - 13 + 1 = -4*k, 4*k - 12 = 3*s. Suppose 0 = -k*r + 6*r + 12. Let o be (6/(-15))/(r/380). What is the greatest common divisor of o and 95?
19
Let r(x) = -x**2 - 61*x - 60. Let q be r(-29). What is the highest common divisor of 28 and q?
28
Let a be ((-30)/4)/((-904)/112 + 8). Suppose 2*h = -2*h - 5*m + 158, -2*m - 4 = 0. What is the greatest common divisor of h and a?
21
Let m be 12/(-10)*200/(-4). Suppose r + 296 = 2*z, 0*z - 3*z + 3*r + 438 = 0. What is the highest common factor of z and m?
30
Let u(v) = -v**2 + 6*v + 2. Let c be u(6). Suppose c*r = -2*r + 12. Suppose -7*k = -r*k - 32. Calculate the greatest common divisor of k and 88.
8
Let k be -1 + (-517)/(-7) + (-144)/168. Calculate the highest common factor of 171 and k.
9
Suppose 0 = 4*p - 3*p - 4. Suppose 3 = -p*i + 23. Suppose 0*o - i*o = -35. Calculate the greatest common factor of o and 35.
7
Suppose -169 = 2*t - 4*t + f, 236 = 3*t + 2*f. Calculate the greatest common factor of 205 and t.
41
Let w(y) be the third derivative of 3*y**4/8 - 11*y**3/6 - 18*y**2. Let q be w(2). What is the greatest common factor of q and 14?
7
Suppose -4*y + 38 = -42. Suppose 167 = 3*o + 173. Let f be (-1 - -8) + (-1 - 